-1 - -2)). Suppose 0 = 2*l + 3*o, 0*o + 14 = h*l - 4*o. Suppose 2*x + 26 = l*x. What is the units digit of x?
6
Suppose -2*c + 44988 = -5*z + 8*z, 0 = -4*z + 4*c + 60024. What is the ten thousands digit of z?
1
Suppose -3*c + 190 = -254. Let q = c + -76. What is the units digit of q?
2
Let o(l) = -2*l**3 - 9*l**2 + 5*l + 3. Let b be o(-5). Suppose 2*q + b*p - 1196 - 66 = 0, -4*q + p + 2552 = 0. What is the tens digit of q?
3
Let s be ((-327)/(-45) - 2/(-5))*-15. Let m be -2*1/(-10) - 15042/s. Let z = 289 - m. What is the units digit of z?
8
Suppose 0 = 3*b + 27, -11666 = -5*c - 14*b + 8*b. What is the thousands digit of c?
2
Suppose 10*u - 23007 = 4773. Suppose 3*g + 5*z = u - 781, -2*g + 1334 = 2*z. What is the units digit of g?
9
Suppose 0 = -16*h + 2*h - 1316. What is the hundreds digit of h*((-1287)/(-18))/(-11)?
6
Let t = -90 - -565. Let m = 1263 - t. What is the hundreds digit of m?
7
Suppose -9*t + 7449 + 6023 = -4537. What is the hundreds digit of t?
0
Suppose -6*f - 589 = 89. Suppose 21 = -3*q - 45. Let h = q - f. What is the units digit of h?
1
Let s(i) = 5*i**3 - 6*i**2 - 9*i + 16. Let w(c) = 2*c**2 + c. Let b(m) = s(m) + 5*w(m). What is the hundreds digit of b(4)?
3
What is the ten thousands digit of 6/(-2)*2 - -19737 - -8?
1
Suppose 8*u = 50*u - 420. Suppose -u*g = -8358 - 10992. What is the units digit of g?
5
Let w = -192 - -88. Let n be 57*(12/1)/(-4). Let l = w - n. What is the tens digit of l?
6
Suppose -l = -w + 531, 4*w - 1060 = 2*l - 0*w. What is the units digit of (l/5)/(86/(-215))?
6
Let c(q) = -q**2 + 15*q + 95. Let h be c(19). Suppose -h + 79 = y. What is the tens digit of y?
6
Suppose -4*a + u + 115041 = 0, 3*a - 77096 = -3*u + 9166. What is the ten thousands digit of a?
2
Suppose 3*r - 5190 = 435. What is the units digit of r?
5
Let o = -91 - 230. Let d = o + 682. What is the units digit of d?
1
Let f = -179 - -183. Suppose -2*y = f*x + 116 - 300, 5*x - 185 = -2*y. What is the units digit of y?
0
What is the tens digit of 14/(-35) - 69582/(-10)*2/6?
1
Suppose -6*j + 59980 = 71*g - 66*g, 0 = -5*j - 4*g + 49984. What is the units digit of j?
0
Let b(q) = 5*q + 5*q**2 - 7*q - 2*q**3 - 6 + 3*q - 6*q**2. Let p be b(-2). Let c(g) = 56*g + 5. What is the hundreds digit of c(p)?
2
Suppose -6410 - 1942 = -4*o. What is the hundreds digit of o?
0
What is the units digit of (-285)/(-6)*(-7)/35*-802?
9
Suppose -3*s - w = -68174, -5*s + 51*w = 47*w - 113663. What is the units digit of s?
7
Suppose 0 = 49*h + 95988 - 241469. What is the hundreds digit of h?
9
Suppose b + 15 = 5*b - 3*c, 5*c = -5*b - 25. Suppose -u - 21 + 11 = b. Let p(f) = -f**2 - 20*f + 6. What is the units digit of p(u)?
6
Let v be 24/(-36)*(-78)/4. Let a(n) = 5*n - 32. Let z be a(v). Let j = z - 12. What is the units digit of j?
1
Let y(g) = -609*g + 1325. What is the units digit of y(-20)?
5
Let v be 52/39*(-30)/(-4). Suppose v*w - 11*w + 274 = 0. What is the tens digit of (-26)/(-39) + w/3?
9
Let r(k) = 4*k**2 + 506*k + 58. What is the tens digit of r(30)?
3
What is the units digit of 3024/252 + 1 + 1177?
0
Suppose 743 - 2693 = -5*a. Suppose 642 = 2*m - a. What is the tens digit of m?
1
Let p = -54285 - -78171. What is the thousands digit of p?
3
Let k = 115 + -16. Let q = k - -140. What is the hundreds digit of q?
2
Let l = -36 + 50. Let y be -1 + l/6 - 24/(-36). Suppose -4*p - 62 = -y*v, -2*v + 47 = 3*p - 2*p. What is the units digit of v?
5
Let v = 25068 - 13314. What is the units digit of v?
4
Suppose 5*m + 4*g - 50 = -0*g, -3*g = -2*m + 43. Let q = -12 + m. Suppose 0*x + 49 = q*c + x, c - 14 = 3*x. What is the tens digit of c?
2
Let s(m) = -7*m + 152. Let z be s(21). Suppose -2*c + 4*g - g = -1483, -3*g = z*c - 3655. What is the tens digit of c?
3
Let n = -130 + 133. Suppose -4*i - 2*y + 1458 = -2*i, -2*y + 2186 = n*i. What is the units digit of i?
8
Let u = 44672 - 43303. What is the thousands digit of u?
1
Let v be ((64/12)/2)/(6/9). Suppose 0 = -2*k + v*u + 1454, -4*k + 5*u + 1597 = -1323. What is the hundreds digit of k?
7
Let b(n) = 16*n + 76. Let a be (-8)/28 + 65/7 + -3. What is the units digit of b(a)?
2
Suppose -5*f = -3*l - 214621, 5*l = -f + 13970 + 28943. What is the thousands digit of f?
2
Suppose 1079*g = 1075*g + 18344. What is the units digit of g?
6
Let l = -2384 + 51837. What is the ten thousands digit of l?
4
Let f be 4 + (-2 - 0/(-2)). Suppose -q - 171 + 304 = 5*h, -5*h = 4*q - 607. Suppose 307 = 3*l + f*a, 5*a - 668 = -5*l - q. What is the tens digit of l?
0
Suppose 2*j + 315 = -43*j. Let q(m) = 11*m**2 + 35*m + 263. What is the units digit of q(j)?
7
Let y(i) = -i**3 + 57*i**2 - 21*i + 41. What is the thousands digit of y(37)?
6
Let b = -909 - -910. What is the hundreds digit of 270 - (0 + 0)/(b + -3)?
2
What is the ten thousands digit of 985/788 - (1 - (0 + (-243278)/(-8)))?
3
Suppose 22*c - 14*c = 40. Suppose -6*v = -2*l - 7*v + 1271, -c*v - 1301 = -2*l. What is the units digit of l?
8
Suppose -28*j = -221*j + 354348. What is the tens digit of j?
3
Let a = 1625 + -1078. Suppose a = -14*c + 2605. What is the units digit of c?
7
Suppose 34*y + 45 + 38 = -19. Suppose -2*n + 5*l = 38, 3*l + 2*l = -n - 4. What is the hundreds digit of n/21 + (-311)/y?
1
Let x(u) = u**3 + 23*u**2 + 30*u - 11. Let b be x(-19). Suppose 4*i - b = -167. What is the units digit of i?
4
Suppose 172665 + 546628 = 31*s. What is the thousands digit of s?
3
Let w = -1390 + 1969. Let q = w - 534. What is the units digit of q?
5
Let j(m) = 24*m - 10. Let a be 3/(-2)*49/21*-2. What is the units digit of j(a)?
8
Let p = -11948 + 20539. What is the tens digit of p?
9
Suppose -2*a + 6 = 2*v, 2*a = -4*v - 3*a + 11. Let k be -1*(25 - (-6 + v)). What is the tens digit of ((-62)/(-6))/((-57)/k + -2)?
9
Suppose -141*x = 101*x + 6*x - 3886904. What is the units digit of x?
3
Let k(u) = -762*u + 3299. What is the hundreds digit of k(-7)?
6
Let r = 133 - 131. Suppose 4*w = -5*u + 1386, -r*u = -w - 3*w - 560. What is the tens digit of u?
7
What is the thousands digit of 5006/(-6)*((-79)/1185 - (-1076)/(-60))?
5
Let r = -83 - -1125. Suppose 3*k = -5*m + 3925, -2*m = -4*k - 528 - r. Suppose m = 3*y + 2*y. What is the hundreds digit of y?
1
Let d be ((-357)/(-14))/17 + 2173/2. Let r = -641 + d. What is the tens digit of r?
4
Let h(y) = -y**3 + 5*y**2 - 3*y - 72. What is the hundreds digit of h(-12)?
4
Let x = 57 - 51. Suppose 7*a = 36 + x. Let f(m) = -m**3 + 6*m**2 + 7*m + 2. What is the units digit of f(a)?
4
Suppose -3*c - c + 4*v + 24 = 0, v = 4. Let n(w) = 15*w + 3 - 9 - 23*w - c. What is the units digit of n(-6)?
2
Let w = 2184 - 1640. What is the hundreds digit of w?
5
Suppose 11*b = 2*b + 27. Suppose -b*q - 2205 = -2*g, 5*g + 22*q - 5555 = 21*q. What is the tens digit of g?
1
Suppose -9*t - 9 = 9. Let i be (t/6)/((-2)/42). Suppose 0 = i*x - 2*x - 30. What is the units digit of x?
6
Let b(o) = 4156*o - 970. What is the tens digit of b(3)?
9
Let u = 80494 - 42012. What is the units digit of u?
2
Suppose 86*g - 317819 = 416621. What is the units digit of g?
0
Suppose -33*c = -329 + 65. Let z(i) = 5*i**2 + 21*i + 3. Let w(s) = s**2 + 5*s + 1. Let x(d) = -9*w(d) + 2*z(d). What is the units digit of x(c)?
7
Let o be 26/10 + 18/45. Let h = o + -5. What is the tens digit of h + 1 - (-40 + -9)?
4
Let l = -173 - -8. Let o = 245 - l. What is the units digit of o?
0
Let l = -390 + -185. Let c = -251 - l. What is the tens digit of c?
2
Suppose -229872 = -4*o + 4*k, -2854*o + 5*k = -2857*o + 172436. What is the ten thousands digit of o?
5
What is the hundreds digit of 18 + 63126 + -5*(-1)/5 - -7?
1
What is the units digit of ((-1230)/(-45) - 26)*88161/4?
7
Let p(q) = 8*q**2 - 21*q + 163. What is the tens digit of p(11)?
0
Let b = -26 + 31. Suppose 2*v + 4*s = 3*v - 7, 5*v - b*s - 20 = 0. Suppose -w - 158 = -v*w. What is the tens digit of w?
7
Let t = 161 - 176. What is the hundreds digit of -5 + (-4884)/t - 4/(-10)?
3
Let a = -169 + 191. Suppose 2448 = a*r - 808. What is the hundreds digit of r?
1
Suppose -5*d + 5*p + 36980 = 0, 9*p = 5*d + 7*p - 36959. What is the tens digit of d?
8
Suppose -5*w + 112924 = -2*z, 121*w - 4*z + 45136 = 123*w. What is the thousands digit of w?
2
Let f be (-1)/(49/(-119154)) - (-4)/14. Suppose 7*t - f = 3*t. What is the tens digit of t?
0
Suppose -q + 1